{"id":400,"date":"2020-06-16T08:34:11","date_gmt":"2020-06-16T08:34:11","guid":{"rendered":"https:\/\/lions-amitie.lu\/?page_id=400"},"modified":"2024-12-06T22:09:40","modified_gmt":"2024-12-06T21:09:40","slug":"engagement-2","status":"publish","type":"page","link":"https:\/\/lions-amitie.lu\/","title":{"rendered":"Engagement"},"content":{"rendered":"<div id=\"fb-root\">\u00a0<\/div>\n<p><script async defer crossorigin=\"anonymous\" src=\"https:\/\/connect.facebook.net\/de_DE\/sdk.js#xfbml=1&#038;version=v21.0\"><\/script><\/p>\n<div class=\"fb-page\" data-href=\"https:\/\/www.facebook.com\/LionsAmitie\" data-tabs=\"timeline, events\" data-width=\"1300\" data-height=\"500\" data-small-header=\"false\" data-adapt-container-width=\"true\" data-hide-cover=\"false\" data-show-facepile=\"true\">\n<blockquote class=\"fb-xfbml-parse-ignore\" cite=\"https:\/\/www.facebook.com\/LionsAmitie\">\n<p style=\"text-align: center;\"><a href=\"https:\/\/www.facebook.com\/LionsAmitie\">Lions-Amiti\u00e9<\/a><\/p>\n<\/blockquote>\n<\/div>\n\n\n<hr class=\"wp-block-separator aligncenter has-alpha-channel-opacity is-style-wide\"\/>\n\n\n\n<h1 class=\"wp-block-heading\">We serve \u2013 De Lions Amiti\u00e9 am D\u00e9ngscht vun der Gesellschaft<\/h1>\n\n\n\n<div class=\"wp-block-group\"><div class=\"wp-block-group__inner-container is-layout-constrained wp-block-group-is-layout-constrained\">\n<p><em>Den Lions Amiti\u00e9 huet an deenen leschten&nbsp;10 Joer Projeten&nbsp;an deene&nbsp;verschiddenste Ber\u00e4icher \u00ebnnerst\u00ebtzt. Hei zu L\u00ebtzebuerg waren dat Projeten&nbsp;am sanit\u00e4ren a gesondheetleche Ber\u00e4ich grad esou w\u00e9i am soziale Ber\u00e4ich.International hu mir eis an de Ber\u00e4icher vun der Katastrophen- an Entw\u00e9cklungsprojeten&nbsp;an deen&nbsp;verschiddenste L\u00e4nner engag\u00e9iert \u2013 \u00ebmmer nom Motto \u201eHilfe zur Selbsthilfe\u201c an hunn opgepasst, datt eis Kontributiounen \u00ebmmer engem maximum vu M\u00ebnschen zegutt komm sinn.<\/em><\/p>\n\n\n\n<p><em>Mir hunn&nbsp;eis doriwwer eraus och bei aneren nationalen an internationale Lionsprojeten mat Donen&nbsp;d\u00e9i mir gesammelt hunn abruecht: sief d\u00ebst beispillsweis&nbsp;d\u2019Banque alimentaire oder e vun de Lionsschw\u00e9ierpunkten, d\u2018Hornhautbank zu Homburg (DE).<\/em><\/p>\n\n\n\n<p><em>Donieft leeschte mir och \u201eAide d\u2019Urgence\u201c hei zu L\u00ebtzebuerg fir Leit deenen&nbsp;d\u2019Liewen net&nbsp;esou gutt&nbsp;matspillt.<\/em><\/p>\n\n\n\n<p><em>All eis Spenden verdeele mir no kloer defin\u00e9ierte Kritt\u00e4ren&nbsp;d\u00e9i mir an enger interner Charta ausgeschafft hunn.<\/em><\/p>\n\n\n\n<p><em>An deene leschten&nbsp;10 Joer konnt sou e Gesamtbetrag vun iwwert 230.000EUR mobilis\u00e9iert ginn an insgesamt 56 Organisatiounen \u00ebnnerst\u00ebtzt&nbsp;ginn.&nbsp;<\/em><\/p>\n\n\n\n<p><em>Pro Joer ginn am Duerchschn\u00ebtt&nbsp;23.000 EUR fir sozial an humanit\u00e4r Projeten verdeelt.<\/em><\/p>\n\n\n\n<p><em>Mat onsem kontinu\u00e9ierlechen Engagement droen mir zu enger m\u00e9i gerechter an m\u00e9i nohalteger Gesellschaft vun muer b\u00e4i.&nbsp;<\/em><\/p>\n\n\n\n<p><em>\u201eWhere there is a need \u2013 there is a Lion\u201d<\/em><\/p>\n<\/div><\/div>\n\n\n\n<div class=\"wp-block-group\"><div class=\"wp-block-group__inner-container is-layout-constrained wp-block-group-is-layout-constrained\">\n<div class=\"wp-block-group\"><div class=\"wp-block-group__inner-container is-layout-constrained wp-block-group-is-layout-constrained\">\n<hr class=\"wp-block-separator has-alpha-channel-opacity\"\/>\n<\/div><\/div>\n\n\n\n<p>W\u00ebllt Dir en Don machen? <\/p>\n\n\n\n<p>Lions Club Luxembourg Amiti\u00e9 <\/p>\n\n\n\n<p>BCEELULL &#8211; LU66 0019 5955 5821 5000<\/p>\n<\/div><\/div>\n","protected":false},"excerpt":{"rendered":"<p>\u00a0 Lions-Amiti\u00e9 We serve \u2013 De Lions Amiti\u00e9 am D\u00e9ngscht vun der Gesellschaft Den Lions Amiti\u00e9 huet an deenen leschten&nbsp;10 Joer Projeten&nbsp;an deene&nbsp;verschiddenste Ber\u00e4icher \u00ebnnerst\u00ebtzt. Hei zu L\u00ebtzebuerg waren dat Projeten&nbsp;am sanit\u00e4ren a gesondheetleche Ber\u00e4ich grad esou w\u00e9i am soziale &hellip; <a href=\"https:\/\/lions-amitie.lu\/\">Continue reading <span class=\"meta-nav\">&rarr;<\/span><\/a><\/p>\n","protected":false},"author":1,"featured_media":0,"parent":0,"menu_order":0,"comment_status":"closed","ping_status":"closed","template":"","meta":{"footnotes":""},"class_list":["post-400","page","type-page","status-publish","hentry"],"_links":{"self":[{"href":"https:\/\/lions-amitie.lu\/index.php?rest_route=\/wp\/v2\/pages\/400","targetHints":{"allow":["GET"]}}],"collection":[{"href":"https:\/\/lions-amitie.lu\/index.php?rest_route=\/wp\/v2\/pages"}],"about":[{"href":"https:\/\/lions-amitie.lu\/index.php?rest_route=\/wp\/v2\/types\/page"}],"author":[{"embeddable":true,"href":"https:\/\/lions-amitie.lu\/index.php?rest_route=\/wp\/v2\/users\/1"}],"replies":[{"embeddable":true,"href":"https:\/\/lions-amitie.lu\/index.php?rest_route=%2Fwp%2Fv2%2Fcomments&post=400"}],"version-history":[{"count":14,"href":"https:\/\/lions-amitie.lu\/index.php?rest_route=\/wp\/v2\/pages\/400\/revisions"}],"predecessor-version":[{"id":881,"href":"https:\/\/lions-amitie.lu\/index.php?rest_route=\/wp\/v2\/pages\/400\/revisions\/881"}],"wp:attachment":[{"href":"https:\/\/lions-amitie.lu\/index.php?rest_route=%2Fwp%2Fv2%2Fmedia&parent=400"}],"curies":[{"name":"wp","href":"https:\/\/api.w.org\/{rel}","templated":true}]}}